2220432
In base 7, what is -1431 + -12154442?
-12156203
In base 2, what is -101100001110111 + -101101100010?
-110001111011001
In base 5, what is -1233 + -100032021?
-100033304
In base 7, what is 4154413 - 0?
4154413
In base 8, what is -505303 + -331?
-505634
In base 16, what is -be7122 + -19?
-be713b
In base 7, what is 604222624 + 45?
604223002
In base 14, what is 539 - 2da70?
-2d535
In base 9, what is 6 + 540374313?
540374320
In base 11, what is -623a61 - 1022?
-624a83
In base 16, what is 3 + 290bc18?
290bc1b
In base 13, what is -17524b + 259?
-174cc2
In base 8, what is -7 - 6360752?
-6360761
In base 14, what is -1 + -2a565ad?
-2a565b0
In base 2, what is 1 - -10000001011110001100100?
10000001011110001100101
In base 2, what is -11010101001100 + 1001010?
-11010100000010
In base 11, what is -4845 + 2557a?
20835
In base 4, what is 303132 - 321113021?
-320203223
In base 7, what is -1611144 + -14?
-1611161
In base 7, what is -2001461 - 1151?
-2002642
In base 15, what is -d2 - -198d94?
198cb2
In base 13, what is 60 + -86a7c?
-86a1c
In base 16, what is -b4f8 + -a?
-b502
In base 9, what is -1425472 + -1735?
-1427317
In base 5, what is -3332342300 - -3?
-3332342242
In base 16, what is 22402 - -e?
22410
In base 16, what is -1 + -1c751b2?
-1c751b3
In base 12, what is a3bb9a2 + -12?
a3bb990
In base 14, what is -3a0c7 + -3?
-3a0ca
In base 6, what is -24014114503 + -4?
-24014114511
In base 15, what is 1b2a4456 - -3?
1b2a4459
In base 3, what is -1102012120121 - -21?
-1102012120100
In base 13, what is -1aa3 - -a07b?
82a8
In base 8, what is -2 - 121703657?
-121703661
In base 13, what is -31 + 659619?
6595b8
In base 15, what is -1338 + -e0?
-1428
In base 2, what is -111011000101 - -101101011101011000?
101100100010010011
In base 8, what is 2575160 + -7?
2575151
In base 12, what is -9622091 + -2?
-9622093
In base 12, what is 70aa + 39a4?
aa92
In base 10, what is 3 - -5092479?
5092482
In base 9, what is 21080 - 362?
20617
In base 4, what is -2213112 - -13310?
-2133202
In base 4, what is 22 - -1103031233112?
1103031233200
In base 2, what is 100101111010101100 + 110?
100101111010110010
In base 7, what is -1063 + 146413?
145320
In base 8, what is 3214 + -150652?
-145436
In base 2, what is 100011101 + 1101100101101101?
1101101010001010
In base 11, what is 12a0547 - -11?
12a0558
In base 16, what is 17d - -380?
4fd
In base 9, what is -6308 - 14237?
-21546
In base 10, what is 941022 + -1?
941021
In base 11, what is -66324 - 1a?
-66343
In base 14, what is 8 - a76331?
-a76327
In base 6, what is 315505042020 - 0?
315505042020
In base 16, what is 31d089 + -10?
31d079
In base 9, what is 44878718 - -1?
44878720
In base 11, what is -58a11 - 118?
-59029
In base 4, what is -200101 + -212123?
-1012230
In base 8, what is -305673 + 112?
-305561
In base 7, what is 2 - -42646113?
42646115
In base 10, what is -51 + -189857?
-189908
In base 14, what is -b - -5605a?
5604d
In base 13, what is 9b313 + 8?
9b31b
In base 16, what is 676 - -2e5?
95b
In base 12, what is 40 - 31295b?
-31291b
In base 2, what is 11011101010001 - 11111010010?
10111101111111
In base 3, what is -1011010222 + -21101021?
-1102112020
In base 13, what is c7 + -545656?
-54555c
In base 15, what is b1c5 - -c0?
b295
In base 3, what is -21211001102000 - 0?
-21211001102000
In base 5, what is 13 + 20322314420?
20322314433
In base 5, what is 130443 + 1123130?
1304123
In base 14, what is -bb1d91a + 3?
-bb1d917
In base 9, what is -2 + -20603303?
-20603305
In base 13, what is -316 + -2acb?
-3114
In base 16, what is 32ba + 6d?
3327
In base 4, what is -1211213003332012 + -3?
-1211213003332021
In base 10, what is -37751 - 4218?
-41969
In base 15, what is 184 - -a3938?
a3abc
In base 6, what is -3532 + -25125541?
-25133513
In base 10, what is -44245303 - 1?
-44245304
In base 4, what is 3 - -31003110230201?
31003110230210
In base 6, what is -23 + -1345254?
-1345321
In base 6, what is 1342144 + 542?
1343130
In base 13, what is 63 + 1398601?
1398664
In base 3, what is -10111220220210212 + 20?
-10111220220210122
In base 6, what is -31304050 + 3?
-31304043
In base 15, what is 6 - 2cb07d?
-2cb077
In base 16, what is -80e - -80945?
80137
In base 3, what is -10 - 2022012011022211?
-2022012011022221
In base 13, what is 21 - -736870?
736891
In base 8, what is 7141 - 320?
6621
In base 9, what is 2 + 705368?
705371
In base 4, what is -2323112 + -1002131?
-3331303
In base 9, what is -344663520 - 4?
-344663524
In base 7, what is 50 - -1030363?
1030443
In base 3, what is -12 + -1020211222020212?
-1020211222021001
In base 12, what is 74 - -591a0a?
591a82
In base 2, what is 10001010011000001010000001 - -101?
10001010011000001010000110
In base 8, what is -1150046 - -1?
-1150045
In base 2, what is -110010010000111010 + -10101111?
-110010010011101001
In base 8, what is 435537530 - -3?
435537533
In base 16, what is -7bec0 + -23?
-7bee3
In base 15, what is 13ce5b - 0?
13ce5b
In base 12, what is 192ab7 + 151?
193048
In base 10, what is 212 + -1190223?
-1190011
In base 8, what is 50376430 + -1?
50376427
In base 2, what is 100011000010 - -1001101110101010?
1010010001101100
In base 3, what is 1220111220 + 12102100?
2002221020
In base 12, what is 63 + 20341a?
203481
In base 10, what is -338506 - -68?
-338438
In base 7, what is -122435 + -5333?
-131101
In base 11, what is 11238a48 + 1?
11238a49
In base 4, what is -33 - -121100213021?
121100212322
In base 8, what is 10773 + -16025?
-5032
In base 13, what is -1ac - -10ab5?
10906
In base 9, what is 2681 + -31213?
-27422
In base 2, what is 11000 - 100001111111111000110000?
-100001111111111000011000
In base 9, what is 11343555 - -5?
11343561
In base 15, what is 103 + -2a11b?
-2a018
In base 4, what is -2000 + 1033232130?
1033230130
In base 13, what is 1 - -2a48303?
2a48304
In base 6, what is 31 + -4144011?
-4143540
In base 14, what is 1536777 - 5?
1536772
In base 9, what is 25 - -36422?
36447
In base 7, what is 211660 - 3?
211654
In base 12, what is 885010 + 2?
885012
In base 16, what is -17 - -806494?
80647d
In base 4, what is 1202323 - -22033?
1231022
In base 3, what is -2012120011122 - 1000?
-2012120012122
In base 9, what is 2 - -28048258?
28048261
In base 12, what is -502 + 93b5?
8ab3
In base 2, what is -11 + 1010101010101111010100110011?
1010101010101111010100110000
In base 11, what is -184811980 + -5?
-184811985
In base 8, what is 11113 + -1525?
7366
In base 2, what is -1000111100111101000011 + -110?
-1000111100111101001001
In base 16, what is 3184 - -37c5?
6949
In base 12, what is -5699 + -996?
-6473
In base 16, what is -4 + -f1ff92?
-f1ff96
In base 5, what is -44 - 111400321?
-111400420
In base 3, what is -10220222000 + 10?
-10220221220
In base 14, what is -3bdbc8 + -2?
-3bdbca
In base 4, what is 230021 + -101?
223320
In base 13, what is -98 + -3928a?
-39355
In base 16, what is -13 + -1f84919?
-1f8492c
In base 5, what is 22143212 + 132?
22143344
In base 9, what is -8213501 - -40?
-8213451
In base 8, what is 62 - -17523350?
17523432
In base 3, what is 12 + -10200011102201?
-10200011102112
In base 10, what is 47797101 + 4?
47797105
In base 4, what is -2 - -11120100322?
11120100320
In base 12, what is 1 + 373488?
373489
In base 8, what is -3 + -33645620?
-33645623
In base 7, what is -2 + -2001231603?
-2001231605
In base 14, what is 24c6a54 + -b?
24c6a47
In base 6, what is 15231020 + 10?
15231030
In base 14, what is -323b58 + -4?
-323b5c
In base 13, what is 649 - -831c?
8968
In base 6, what is 355522 - 135052?
220430
In base 14, what is 6a8a + 4bd?
7169
In base 11, what is 539a + 7a2?
6091
In base 14, what is -400 - 9dbc?
-a3bc
In base 11, what is 1132a55 + -19?
1132a37
In base 15, what is -17 - 9215b?
-92173
In base 9, what is -5314 + 5612?
287
In base 7, what is 20653221 - 136?
20653052
In base 7, what is 31144145 - 3?
31144142
In base 7, what is -4 - -100256232?
100256225
In base 12, what is -15778a5 - -47?
-157785a
In base 9, what is -41 - 6354517?
-6354558
In base 5, what is 203014312114 + -3?
203014312111
In base 4, what is 300313123 + 211?
300320000
In base 10, what is -355736 + -773?
-356509
In base 8, what is 331 + -102735?
-102404
In base 11, what is 2455 - -1817?
4171
In base 16, what is -52f5d - 295?
-531f2
In base 15, what is -142d - -1087?
-396
In base 15, what is -3 - 80ac652?
-80ac655
In base 11